{"id":28,"date":"2018-02-24T18:18:46","date_gmt":"2018-02-24T18:18:46","guid":{"rendered":"http:\/\/derfahrradfachmann.de\/?page_id=28"},"modified":"2026-03-03T16:26:40","modified_gmt":"2026-03-03T15:26:40","slug":"kinderraeder","status":"publish","type":"page","link":"https:\/\/derfahrradfachmann.de\/?page_id=28","title":{"rendered":"Kinderr\u00e4der"},"content":{"rendered":"\n<p>Nat\u00fcrlich finden Sie bei mir auch das richtige Rad f\u00fcr die lieben Kleinen.<br>Sichere und coole Kinderr\u00e4der f\u00fcr alle Gelegenheiten von<\/p>\n\n\n\n<p class=\"has-text-align-left\">&nbsp;<\/p>\n\n\n\n<figure class=\"wp-block-image\"><a href=\"http:\/\/www.bbf.bike\/#\/bikes\/kids\" target=\"_blank\" rel=\"noopener noreferrer\"><img loading=\"lazy\" decoding=\"async\" width=\"300\" height=\"60\" src=\"https:\/\/derfahrradfachmann.de\/wp-content\/uploads\/2018\/05\/bbf-logo-300x60.jpg\" alt=\"\" class=\"wp-image-193\" srcset=\"https:\/\/derfahrradfachmann.de\/wp-content\/uploads\/2018\/05\/bbf-logo-300x60.jpg 300w, https:\/\/derfahrradfachmann.de\/wp-content\/uploads\/2018\/05\/bbf-logo.jpg 400w\" sizes=\"auto, (max-width: 300px) 100vw, 300px\" \/><\/a><\/figure>\n\n\n\n<p class=\"has-text-align-left\">&nbsp;&nbsp;&nbsp;&nbsp;&nbsp;&nbsp; <\/p>\n\n\n\n<figure class=\"wp-block-image size-full\"><a href=\"https:\/\/www.haibike.com\/de-de\/e-bikes\/kinder-ebikes\/\"><img decoding=\"async\" src=\"https:\/\/derfahrradfachmann.de\/wp-content\/uploads\/2024\/12\/haibike-2.svg\" alt=\"\" class=\"wp-image-671\"\/><\/a><\/figure>\n","protected":false},"excerpt":{"rendered":"<p>Nat\u00fcrlich finden Sie bei mir auch das richtige Rad f\u00fcr die lieben Kleinen.Sichere und coole Kinderr\u00e4der f\u00fcr alle Gelegenheiten von &nbsp; &nbsp;&nbsp;&nbsp;&nbsp;&nbsp;&nbsp;<\/p>\n","protected":false},"author":1,"featured_media":0,"parent":0,"menu_order":0,"comment_status":"closed","ping_status":"closed","template":"","meta":{"footnotes":""},"class_list":["post-28","page","type-page","status-publish","hentry"],"_links":{"self":[{"href":"https:\/\/derfahrradfachmann.de\/index.php?rest_route=\/wp\/v2\/pages\/28","targetHints":{"allow":["GET"]}}],"collection":[{"href":"https:\/\/derfahrradfachmann.de\/index.php?rest_route=\/wp\/v2\/pages"}],"about":[{"href":"https:\/\/derfahrradfachmann.de\/index.php?rest_route=\/wp\/v2\/types\/page"}],"author":[{"embeddable":true,"href":"https:\/\/derfahrradfachmann.de\/index.php?rest_route=\/wp\/v2\/users\/1"}],"replies":[{"embeddable":true,"href":"https:\/\/derfahrradfachmann.de\/index.php?rest_route=%2Fwp%2Fv2%2Fcomments&post=28"}],"version-history":[{"count":21,"href":"https:\/\/derfahrradfachmann.de\/index.php?rest_route=\/wp\/v2\/pages\/28\/revisions"}],"predecessor-version":[{"id":723,"href":"https:\/\/derfahrradfachmann.de\/index.php?rest_route=\/wp\/v2\/pages\/28\/revisions\/723"}],"wp:attachment":[{"href":"https:\/\/derfahrradfachmann.de\/index.php?rest_route=%2Fwp%2Fv2%2Fmedia&parent=28"}],"curies":[{"name":"wp","href":"https:\/\/api.w.org\/{rel}","templated":true}]}}

Kinderräder

<p>Natürlich finden Sie bei mir auch das richtige Rad für die lieben Kleinen.<br>Sichere und coole Kinderräder für alle Gelegenheiten von</p>



<p class="has-text-align-left">&nbsp;</p>



<figure class="wp-block-image"><a href="http://www.bbf.bike/#/bikes/kids" target="_blank" rel="noopener noreferrer"><img loading="lazy" decoding="async" width="300" height="60" src="https://derfahrradfachmann.de/wp-content/uploads/2018/05/bbf-logo-300x60.jpg" alt="" class="wp-image-193" srcset="https://derfahrradfachmann.de/wp-content/uploads/2018/05/bbf-logo-300x60.jpg 300w, https://derfahrradfachmann.de/wp-content/uploads/2018/05/bbf-logo.jpg 400w" sizes="auto, (max-width: 300px) 100vw, 300px" /></a></figure>



<p class="has-text-align-left">&nbsp;&nbsp;&nbsp;&nbsp;&nbsp;&nbsp; </p>



<figure class="wp-block-image size-full"><a href="https://www.haibike.com/de-de/e-bikes/kinder-ebikes/"><img decoding="async" src="https://derfahrradfachmann.de/wp-content/uploads/2024/12/haibike-2.svg" alt="" class="wp-image-671"/></a></figure>

<p>Natürlich finden Sie bei mir auch das richtige Rad für die lieben Kleinen.Sichere und coole Kinderräder für alle Gelegenheiten von &nbsp; &nbsp;&nbsp;&nbsp;&nbsp;&nbsp;&nbsp;</p>
